 + 2*k, -s*z + 2*k = 6. Let l(r) = -4*r**3 + r**2 + 2*r - 1. Is l(z) a prime number?
True
Suppose 0 = 4*w - 0 - 8. Suppose -5*p + w*c + 575 = 0, 2*p = 4*p + 3*c - 230. Is p a prime number?
False
Suppose 16 + 104 = 4*o. Suppose -o = 5*t - 5. Is 748/20 + 2/t a prime number?
True
Suppose g = 5*j + 45, -g - 8 = 2*j + 10. Is ((-6)/j)/(4/222) a composite number?
False
Let b(w) = 23 + 0*w**2 + 3*w**2 - 4*w**2 + 22*w + 2*w. Is b(18) composite?
False
Suppose -3*t = -0*t - 195. Suppose -4*x + 1 = -15. Is 1/(2/x) + t composite?
False
Let f(k) = 58*k + 69. Is f(5) prime?
True
Suppose 712 + 2493 = 5*u. Is u a prime number?
True
Let y(b) = -2*b. Let u be y(-2). Suppose 12 + 0 = -u*i. Is ((-109)/i)/((-1)/(-3)) a prime number?
True
Let o = 4 + -9. Is (-171)/o - (-2)/(-10) a composite number?
True
Let w(c) = -5*c**3 - 3*c**2 + 6*c + 1. Is w(-5) a prime number?
True
Suppose -2*t = -0*t. Suppose s + 4*m - 16 = t, s = 3*s + 5*m - 20. Suppose v = -z + 45, z - 3*z - 3*v + 89 = s. Is z prime?
False
Suppose j = p - 334 + 41, 4*p + 3*j - 1158 = 0. Is p composite?
True
Let l = 5 + 3. Suppose -25 = -3*u + 4*o, 4*u - 3*o + l*o = -8. Suppose 0 = y - u*y + 46. Is y a prime number?
True
Let w be (-362)/(-8) - (-51)/68. Suppose 0 = -4*d - 5*j - 113, 4*j + 138 = -5*d + j. Let i = w + d. Is i a composite number?
False
Let y(m) = 5*m + 5. Let l be y(-5). Let p be l/12 + 2/(-6). Is 1 - (p - 18) - -2 composite?
False
Let l be 2/(3 + -1) + 2. Suppose -l*n = 2*n - 785. Is n composite?
False
Let j(u) = -2*u**3 - 8*u**2 + 5*u - 3. Let t be j(-6). Let h = -58 + t. Is h a composite number?
False
Let s(n) = -n**3 + 4*n**2 - 2*n - 2. Let q be s(2). Suppose 2 - 12 = q*k. Is 52/5 + (-3)/k prime?
True
Suppose -2*l = l + 39. Let h = 22 - l. Is h prime?
False
Let h(y) = 67*y**3 - 2*y**2 - 5*y - 7. Is h(4) a composite number?
False
Let k be 0 + 6 - 0/(-2). Suppose u - 22 = -a + k*a, 2*a - u + 10 = 0. Is (2 - 4)*226/a a prime number?
True
Let q(g) = g**2 + g - 3. Let i be q(-3). Suppose -i = -3*w + 6. Suppose -2*u + 48 = w*f, 4*f - 3*u - 40 - 7 = 0. Is f a composite number?
True
Suppose 0 = -4*x + 4*i + 504, 113 = -4*x + 5*i + 619. Let p = x - 75. Is p composite?
True
Let w(l) = 4*l**2 + l - 8. Let g be w(7). Let x = g - 90. Suppose 0*u - 3*u = -x. Is u a prime number?
False
Let n be (-3 - (-8 - -2)) + 2. Suppose x - 4 = -2*a + 4, n*x - 8 = -2*a. Suppose -5*k = -a*z - 195, -10 = -k - 0*k - 5*z. Is k prime?
False
Let t(a) = -a**3 + 2*a**2 + 3*a - 5. Is t(-7) composite?
True
Suppose 8*d - 105 = 3*d. Suppose 4*b - 3*t = 82, t = 5*b - 118 + d. Is b composite?
False
Let h be 4/(-10) - 7/(-5). Let x(j) = -j**3 + j. Let z be x(h). Suppose i - 8 - 2 = z. Is i composite?
True
Let d(v) = 6*v**2 + 4*v + 9. Let r be d(-7). Let s = -473 + r. Is 1 + 0 - s/3 composite?
False
Is (3 - (-64)/(-12))*-21 prime?
False
Let p(s) = 9*s**2 - s + 1. Is p(3) composite?
False
Suppose 22*x - 25*x = -921. Is x a composite number?
False
Let o(a) = -a**2 + 8*a - 6. Let x be o(8). Let d(b) = -b - 7. Let u be d(x). Is (-1 + 9/(-1))*u prime?
False
Let y = -4681 + 6658. Is y a composite number?
True
Let j(f) be the third derivative of 0 + 1/30*f**5 + 0*f - 1/8*f**4 + f**2 + 4/3*f**3. Is j(-7) composite?
False
Suppose -5*u + 1695 = -190. Is u a prime number?
False
Suppose 4*k + x + 2 = -x, 28 = 4*k - 4*x. Suppose y = -4*t + k*y + 373, -3*t + 280 = -y. Is t prime?
False
Let t(w) = -2*w**3 - 11*w**2 + 5*w - 11. Is t(-9) a prime number?
False
Is 5 + 1875 + 3 + 0 composite?
True
Let z = 47 - -66. Is z a prime number?
True
Suppose 2*t - 18 = -t. Let f be (t/15)/((-1)/(-5)). Suppose 4*a + 3*s + 2*s = 148, -f*s = -3*a + 111. Is a a prime number?
True
Suppose -4547 = 12*d - 13*d. Is d a prime number?
True
Suppose 0 = -s - 5*k - 64, -4*k = -5*s + k - 170. Is (-4)/6*3 - s a composite number?
False
Suppose 4*p + 4 = -3*d, d + 10 = 3*p - 0*d. Suppose -a - p*a = -1749. Is a composite?
True
Suppose -h + 0*u - 59 = -u, -5*u + 5 = 0. Let a = h - -95. Is a prime?
True
Let x(y) = y + 4. Let f(s) = -s**3 - 7*s**2 - 2. Let z be f(-7). Let p be x(z). Let v = 11 - p. Is v a prime number?
False
Let g(l) = 998*l**2 - 5*l - 5. Is g(-2) a composite number?
True
Suppose 4*h = h. Let j be h/1 + (121 - 0). Let s = j - 74. Is s prime?
True
Let c(h) = -24*h**3 - 6*h**2 - 2*h + 3. Is c(-5) composite?
True
Suppose 2 = 5*w - 3. Let r = w - -25. Suppose -r - 162 = -4*f. Is f prime?
True
Suppose -4*j - 12 + 0 = 0. Is ((-10)/j)/(6/99) a composite number?
True
Let r = -14 - -67. Is r a prime number?
True
Let h be (-1)/(-3) - (-5368)/(-12). Let o be (-1)/(1344/h + 3). Suppose 3*s - 358 + o = d, s + 2*d - 65 = 0. Is s prime?
False
Let l(w) = 7*w + 4. Suppose -2*z + 0*z = -10. Is l(z) a prime number?
False
Let z = -15 - -8. Suppose 4*c + 20 = 9*c. Is 119/z*(1 - c) a prime number?
False
Let w(y) = 22*y + 1. Let q be w(1). Let k be (1 - 0) + 2 + -1. Suppose x + s - q = 1, 27 = x + k*s. Is x a prime number?
False
Suppose 2*h - 2*a = -1 - 93, -5*a + 184 = -4*h. Let l = 86 + h. Is l a composite number?
True
Let w(p) = p**2 + 3*p - 7. Let u be w(-7). Suppose h + u = 103. Is h a composite number?
True
Let u = 21 - -18. Suppose 2*o - 67 - u = 0. Is o composite?
False
Suppose 3 = 2*q - 1. Suppose -91 = -q*a - 259. Is (9/(-12))/(3/a) composite?
True
Let x = 7837 - 5052. Is x prime?
False
Let v(w) = -2*w**2 + 2. Let o be v(2). Let n(r) = r**3 + 15*r**2 + 2*r - 5. Is n(o) a composite number?
False
Let h be -3 + (1 - 0) + -1. Let s be (-1)/(h/384) - 1. Is 1*s*1/1 prime?
True
Let n = -4 - -10. Let j(b) = b - 6. Let g be j(n). Suppose 5*z = 2*c + 89, 3*c - 1 - 8 = g. Is z prime?
True
Let m(c) = -c**3 - 4*c**2 - 5*c - 3. Let r be m(-3). Let q(d) = d**2 + d + 1. Let u(a) = 4*a**3 - 5*a**2 - 6*a - 7. Let f(x) = r*q(x) + u(x). Is f(3) composite?
True
Let v(i) = 15*i**2 + 12*i - 20. Is v(-9) prime?
True
Let g(z) = -3*z**3 - 6*z**2 + 2*z - 1. Is g(-6) a prime number?
True
Let j(z) = 19*z**2 - 2*z - 3. Is j(-2) prime?
False
Let q be (-2)/(-12) + (-98)/12. Let z = 8 + q. Let i(x) = x**3 - x**2 + 83. Is i(z) composite?
False
Suppose 8776 = 9*f + 613. Is f composite?
False
Suppose 4*y - 12*y + 4728 = 0. Is y a prime number?
False
Let z = 27 - 17. Is 3540/25 + 4/z prime?
False
Suppose -3*m + 21 = -2*z, -3*z - 2*m = 2*m + 6. Let d = 63 + z. Is d a composite number?
True
Suppose -3 + 1 = h. Let o = h + 1. Is 76/4*(0 - o) a prime number?
True
Let i = -78 - -25. Let t = 78 + i. Is t prime?
False
Let u(d) = -d**3 - 3*d**2 - 2*d + 5. Let y be u(-6). Suppose -3*o + 2*p + 0*p = y, 0 = 5*o + 5*p + 250. Let l = o - -78. Is l a prime number?
False
Suppose 0 = -0*c - 4*c - 176. Let q = 91 + c. Is q a composite number?
False
Let d = -2 + 0. Let k = -2 - d. Suppose -3*u - 2*g = -k*g - 60, -2*u = -g - 47. Is u a prime number?
False
Let x(v) = -29*v**2 + 3*v - 6. Let g(o) = 30*o**2 - 4*o + 7. Let u(p) = -5*g(p) - 6*x(p). Is u(-1) composite?
False
Let x(s) = -25*s**3 + 4*s**2 + 4*s + 4. Let q be x(-3). Suppose 121 - q = -3*c. Is c a prime number?
False
Let g = 0 + 4. Suppose -2*h + g = 2*h. Is (-6)/2 + h - -87 a prime number?
False
Let a(j) = j - 2. Let c be a(6). Suppose -16 = -q + 5*q, c*q = 4*o - 780. Is o prime?
True
Let n(y) = -84*y - 1. Suppose -7*d + 12 = -10*d. Is n(d) composite?
True
Suppose 5*t - r - 26 = 3*t, 3*t - 3*r - 45 = 0. Let g(j) = 6*j - 6. Let u be g(-6). Let s = t - u. Is s a composite number?
False
Is (-11707)/(-23) + -1 + (2 - 1) prime?
True
Let v be (-3)/6 + (-34815)/(-2). Is v/117 - (-4)/18 prime?
True
Suppose 2*h + 16 = 2*t, 5 = t - 0. Let a = h + 5. Is a/(-7) - (-1143)/7 prime?
True
Suppose 130 = u + 19. Is u composite?
True
Let j(w) = 3*w**2 - 5*w + 15. Let b = 22 - 15. Is j(b) prime?
True
Suppose 0 = 3*q + 4*m - 15253, 5*q = 4*m + 16700 + 8679. Is q composite?
True
Let k = -13 - -282. Is k a composite number?
False
Suppose 5*u - 377 = -2*q, 5*q - 1488 + 538 = -5*u. Is q prime?
True
Let r be (-12)/(-18) - (-20)/6. Suppose 194 + 26 = r*f. Is f composite?
True
Suppose -i + y - 11 = -3*y, -5*i + y + 21 = 0. Let s = i + -3. Suppose -t - s*t + 33 = 0. Is t composite?
False
Suppose -2*m + 5*w - 538 = 395, -5*w + 459 = -m. Is m/(-9) - 2/(-6) a composite number?
False
Is (6/(-9))/((-4)/18) + 554 prime?
True
Let i(z) = 20*z - 2. Is i(3) a composite number?
True
Let z = 52 - -925. Is z comp